c74e (base 15) in base 9?
-237632
What is 1121232022 (base 4) in base 14?
97cdc
152325412 (base 6) to base 13
880565
What is -67790 (base 12) in base 11?
-94447
Convert 37bb46 (base 12) to base 5.
213143134
Convert 1112221211210 (base 3) to base 11.
514517
What is 54581 (base 9) in base 14?
d299
Convert -100001000100100110000 (base 2) to base 14.
-202d0c
Convert -288c846 (base 13) to base 14.
-19d3d60
What is -24c426 (base 16) in base 14?
-46a15c
Convert -113b47 (base 15) to base 2.
-11001000110110001011
1101155 (base 9) to base 6
20401422
What is -1110100000000000001001 (base 2) in base 9?
-7133111
What is -310525 (base 10) in base 11?
-1a2336
15071022 (base 8) to base 11
1a38363
What is 1748673 (base 10) in base 3?
10021211201200
-12a535 (base 11) to base 10
-204286
-1564814 (base 10) to base 5
-400033224
Convert 1d57b (base 15) to base 3.
11212022222
1054046 (base 7) to base 6
2450432
10022203 (base 4) to base 8
41243
-26442273 (base 8) to base 12
-1b93623
What is -7808306 (base 9) in base 4?
-100001002200
Convert -5b59c1 (base 16) to base 11.
-3419a33
What is -7000215 (base 9) in base 6?
-211423235
What is 30ac8 (base 15) in base 16?
25ac9
Convert -273313 (base 13) to base 12.
-399677
Convert 115464512 (base 7) to base 4.
123230123021
What is 228624 (base 11) in base 6?
11435320
-80f11d (base 16) to base 15
-b1dc08
-605000 (base 7) to base 11
-70064
105034010 (base 6) to base 10
1917654
Convert -7868313 (base 9) to base 6.
-230500020
What is 71a00 (base 11) in base 12?
50944
102705 (base 8) to base 2
1000010111000101
Convert -411232240 (base 5) to base 8.
-6263267
Convert -2cb486 (base 13) to base 8.
-4170377
What is 191774 (base 15) in base 2?
100101001110111011011
Convert -169289 (base 10) to base 5.
-20404124
What is -124135 (base 10) in base 16?
-1e4e7
What is -a4887 (base 15) in base 2?
-1111111010111001101
What is -100100101001100011 (base 2) in base 5?
-14300430
Convert -110000110001111110000 (base 2) to base 11.
-9a1a35
Convert 10000110001101010111 (base 2) to base 14.
104499
Convert 525ea (base 16) to base 3.
122010210210
3534004 (base 7) to base 11
284836
Convert beb3 (base 16) to base 13.
192b4
Convert -c5b3 (base 15) to base 5.
-2314133
Convert -158053 (base 9) to base 6.
-2032250
What is -819b7 (base 12) in base 10?
-169051
Convert 51554230 (base 6) to base 8.
5543252
Convert 1764154 (base 8) to base 16.
7e86c
3314034 (base 5) to base 4
32000302
Convert -1a53 (base 12) to base 5.
-100411
-102211112001 (base 3) to base 5
-24423210
2e77cb (base 15) to base 3
11020110101102
Convert 222044422 (base 5) to base 3.
1211101010220
Convert 219085 (base 10) to base 8.
653715
-11213032 (base 5) to base 3
-12010120101
Convert 525643 (base 7) to base 9.
147584
-7973c (base 13) to base 3
-102020001202
db842 (base 15) to base 13
1b53c0
133211030 (base 4) to base 14
351da
What is 4613221 (base 7) in base 5?
121344411
13022103103 (base 4) to base 5
440032303
What is -122123102103 (base 4) in base 13?
-1587222
Convert 19a36 (base 13) to base 3.
2112200102
What is -7b462 (base 13) in base 12?
-aa156
-1223030 (base 7) to base 15
-31845
What is -4a246 (base 11) in base 3?
-10122222211
211020000120 (base 3) to base 4
1222302213
What is 333a2 (base 11) in base 3?
2110101021
What is -1a6fd1 (base 16) in base 10?
-1732561
4618107 (base 11) to base 7
125442632
What is 1323012 (base 5) in base 12?
134b4
-21100201022 (base 3) to base 12
-6b9bb
-406447 (base 9) to base 7
-2022304
7b4bc7 (base 14) to base 13
b40cc0
22010012011 (base 3) to base 10
159790
-1288356 (base 9) to base 11
-444056
44340 (base 10) to base 3
2020211020
Convert 63148a1 (base 11) to base 10.
11133563
-2a72c (base 15) to base 9
-227356
What is 331293 (base 10) in base 3?
121211110010
Convert -21012112020 (base 3) to base 14.
-39974
What is 24321 (base 8) in base 13?
49aa
What is -17246606 (base 8) in base 12?
-1418b72
4d46b2 (base 14) to base 2
1010001010001001100100
What is 30100321213 (base 4) in base 6?
152524011
97b6b (base 12) to base 13
70295
What is 10111010001111010000 (base 2) in base 8?
2721720
415aa9 (base 13) to base 6
52415203
What is 2594138 (base 12) in base 6?
422452512
Convert -1136135 (base 8) to base 4.
-1023301131
195208 (base 10) to base 2
101111101010001000
What is 88617 (base 10) in base 16?
15a29
-1260453 (base 9) to base 16
-a847d
What is -16760027 (base 8) in base 7?
-45232131
1000111 (base 3) to base 10
742
11507207 (base 8) to base 11
1476511
Convert 3211222102 (base 4) to base 3.
1202210101101
What is 2234433 (base 6) in base 13?
3ca35
What is -12044515 (base 6) in base 15?
-77692
What is -c5251 (base 14) in base 6?
-14103515
Convert -33b682 (base 13) to base 5.
-303143344
Convert 1013233132 (base 4) to base 7.
2332501
What is -200513042 (base 6) in base 16?
-33e192
Convert 3543351 (base 6) to base 5.
21403234
-8873769 (base 10) to base 2
-100001110110011100101001
3102322 (base 6) to base 9
245375
Convert -23021110 (base 4) to base 6.
-551204
What is -202000022220 (base 3) in base 11?
-249a41
What is 142 (base 14) in base 12?
192
What is 3765854 (base 10) in base 16?
39765e
What is 1122200100211 (base 3) in base 16?
d6b4f
Convert 10229 (base 12) to base 8.
51101
What is -219112 (base 13) in base 16?
-c1240
What is -ab909 (base 12) in base 8?
-674531
What is 130112042 (base 5) in base 11?
39a659
What is 30331033303 (base 4) in base 2?
1100111101001111110011
Convert 21101001101 (base 3) to base 16.
236d4
What is 2323500 (base 6) in base 16?
1d4fc
Convert -4555522 (base 8) to base 16.
-12db52
What is 1302271 (base 8) in base 3?
200101002201
What is -1b66b2 (base 12) in base 5?
-111111134
What is -1000000011100110001000100 (base 2) in base 3?
-1011210100122101
Convert -52845 (base 16) to base 14.
-8b261
Convert 10020032 (base 4) to base 8.
41016
-4480d4 (base 15) to base 9
-6128671
Convert -4c72d (base 14) to base 3.
-100112220011
Convert 8161c (base 14) to base 13.
ab8b2
Convert 20211221 (base 3) to base 9.
6757
What is 15110533 (base 6) in base 2?
1111111100011111001
195b88 (base 12) to base 8
1546530
Convert 35211205 (base 7) to base 9.
5737001
What is -111101010011101010 (base 2) in base 15?
-4e60e
2b4197 (base 15) to base 8
7761024
Convert -15714455 (base 8) to base 15.
-4be92d
22110021120211 (base 3) to base 2
10001001000111111000110
-272506 (base 12) to base 2
-10011101111101010110
What is 45819 (base 14) in base 5?
20401400
Convert aa624 (base 12) to base 8.
670374
Convert -10002020120 (base 3) to base 6.
-1144540
Convert -139978 (base 13) to base 10.
-478369
Convert 10002111001121 (base 3) to base 2.
110010001001011001001
Convert -1233132310 (base 4) to base 15.
-9046d
52550d (base 14) to base 11
162a178
-31834 (base 16) to base 2
-110001100000110100
4d7fe (base 16) to base 12
133852
What is 390e80 (base 16) in base 6?
212051224
What is 715714 (base 8) in base 13?
83849
What is -111203223 (base 4) in base 12?
-43123
-3360372 (base 8) to base 7
-10505533
Convert -35e153 (base 16) to base 13.
-968305
-23812b (base 13) to base 3
-1120222120020
What is 10122132 (base 5) in base 13?
2b8b8
Convert 731216 (base 10) to base 3.
1101011001002
Convert 100302303 (base 4) to base 9.
114320
-70701 (base 8) to base 6
-342453
762155 (base 11) to base 7
13232104
b022 (base 14) to base 16
7606
What is -4c090d (base 14) in base 8?
-11761461
Convert -24756 (base 8) to base 11.
-8079
Convert 53926 (base 14) to base 2.
110001010101111110
What is -1341103 (base 6) in base 9?
-124413
-2858968 (base 10) to base 3
-12101020202201
Convert 4780205 (base 11) to base 4.
133301323200
Convert 625601 (base 7) to base 10.
107654
Convert -13320131213 (base 4) to base 16.
-1f8767
1524d (base 15) to base 9
113271
Convert 2e9b61 (base 15) to base 14.
42bac1
Convert 1022233054 (base 6) to base 10.
10751002
What is 1191426 (base 10) in base 7?
13061355
-42060 (base 15) to base 2
-110011000110111100
121a80 (base 11) to base 9
323622
Convert -2620d (base 14) to base 4.
-112320011
What is -130012244 (base 5) in base 16?
-98d1d
Convert 5571697 (base 12) to base 4.
332100312103
-100424014 (base 7) to base 6
-325044434
Convert 40023440 (base 5) to base 8.
1145605
What is 43f4f (base 16) in base 14?
73623
-2036 (base 10) to base 4
-133310
What is -100011001001110100111 (base 2) in base 9?
-2145